 z(t) be the first derivative of 11*t**2/2 - 7*t + 7. Let o(p) = 13*h(p) + 6*z(p). What is the units digit of o(-3)?
7
Let q = 39 - 40. Let y = 53 + q. What is the units digit of y?
2
Let o(n) be the third derivative of n**6/60 + n**5/30 + n**4/24 - 5*n**3/6 - 4*n**2. What is the hundreds digit of o(4)?
1
Suppose -21 + 57 = 4*w. What is the hundreds digit of 105 + (-3)/(w/12)?
1
Suppose 0 = 2*v - 2*u - 350, -3*v - 19*u = -15*u - 490. What is the units digit of v?
0
What is the units digit of -2 - (-1 + 1) - (-37 - -34)?
1
Suppose 4*j - 19 = 29. Suppose -g = -5*g + j. Suppose -5 - g = -p. What is the units digit of p?
8
Suppose -3*i - i + 40 = 0. Let w be 18/9 - (1 + 0). Suppose a - 16 = 3*o, 3*o = -w + i. What is the units digit of a?
5
Suppose 5*x - 38 = -28. Suppose 0 = 4*b + 3*o - 678, -x*b + 2*o = 3*b - 836. Suppose 5*n = 4*r + 2*n - 188, -2*n = 4*r - b. What is the units digit of r?
4
Let z(y) = y**3 + 15*y**2 + 13*y - 14. Let s be z(-14). Let d(j) = -j**3 + 2*j**2 + j + 13. Let r be d(s). Suppose r = 5*m - 97. What is the tens digit of m?
2
Let m(u) = 48*u**2 - 28*u + 69. What is the thousands digit of m(5)?
1
Suppose -3*m = -5*m + 6. Suppose -6*c + 165 = -m*c. Let o = c - 28. What is the tens digit of o?
2
Let k(n) = n**2 + 5*n + 28. Let x be k(-16). Let c = x + -141. What is the tens digit of c?
6
Suppose -6*a = -g - 17620, 1825 = a + 5*g - 1122. What is the units digit of a?
7
Let r(y) = -2*y**3 - 13*y**2 - 9*y + 16. Let z be r(-8). What is the tens digit of (-1)/((-6)/z)*3?
4
Suppose 2580 = 5*j - 5*z, -10*j + 5*j + 2580 = -z. What is the units digit of j?
6
Suppose -5*r + 2*h - 462 = -3527, -4*h + 635 = r. Let l be ((-16)/20)/((-6)/r). Suppose l = 5*s - 33. What is the tens digit of s?
2
Let a be 1080/(-78) - (-4)/(-26). Let r be 2145/35 + 4/a. Let u = r + -39. What is the tens digit of u?
2
What is the units digit of 112588/252 + (-3)/((-27)/2)?
7
Let k = 17 + -188. What is the units digit of ((-6)/(-18))/((-1)/k)?
7
Suppose -5*z + 3*a - 92 = -a, -4*a - 52 = 4*z. What is the units digit of (-104)/z - 3/(-2)?
8
Let y(o) be the third derivative of -8*o**6/15 - o**5/60 - o**4/8 - o**3/3 + 15*o**2. What is the tens digit of y(-1)?
6
Let q = 7 - 5. Suppose -4*f - 4*t = -0*f - 12, -3*t = -q*f - 14. What is the units digit of -3 + 20 + (-2 - f)?
6
Let w(i) = 5*i**2 - i + 7. What is the tens digit of w(-5)?
3
Let n(p) = 2*p - 9. Suppose 31 - 1 = 5*s. Let j be n(s). Suppose 0 = -j*v + 2*v + 20. What is the units digit of v?
0
Suppose -4*v = g - 5697 - 12315, -3*v = -g - 13509. What is the hundreds digit of v?
5
Let t(l) = -2*l**2 - 9*l - 2. Let j be t(-4). Suppose -2*c - j*v = -6*c + 176, -v = 2. What is the tens digit of c?
4
Suppose -5*z + 11043 = -f, -21*z + 17*z = -4*f - 8828. What is the tens digit of z?
0
Let v = -24 + -73. Let j = -37 - v. What is the units digit of j?
0
Suppose i + d = 3, d = -d. Suppose -5*v + i*w + 123 = -111, 5*v = -5*w + 210. What is the units digit of v?
5
Suppose -3*c - 22 = -0*w + w, -5*c + 3*w = 46. Let z = c + 14. Suppose -20 = 2*s - z*s. What is the units digit of s?
5
Suppose 2*i - 1505 + 379 = 4*f, 4*i - 2242 = 3*f. What is the units digit of i?
9
Suppose 4*s - 2 = 2*s. Let c(z) = 12*z**2 - z + 1. Let y be c(s). Suppose 6 = n - y. What is the units digit of n?
8
Suppose -3*k + 139 = 346. Let s = k + 104. What is the units digit of s?
5
Let w be (-14)/(-49) + 267/21. Let i(g) = 12*g + 1. What is the tens digit of i(w)?
5
Let z(a) = -54*a + 49. What is the tens digit of z(-4)?
6
Let h = -3 + 5. Let u(c) = 5 + h - c + 4. What is the units digit of u(8)?
3
Let d(s) = -s**2 + 85*s + 322. What is the tens digit of d(64)?
6
Suppose -4240 - 15472 = -32*q. What is the hundreds digit of q?
6
What is the units digit of (72/(-8) - -821) + -1 + 0?
1
Suppose 1362 = -5*k + d, 5*k - 6*k - 2*d - 268 = 0. Let h = 551 + k. What is the tens digit of h?
7
Suppose -4*w - 25 = -9*w. Let q(b) = -w + 4*b - 5*b + 4*b + 2. What is the units digit of q(8)?
1
Let b(j) = -j**3 - 8*j**2 - 6*j + 2. Let o be b(-7). Let s = o + 6. Suppose s = u - 2. What is the units digit of u?
3
Let j = 10 - 13. Let s be 3/j*(-4 - 85). Suppose -3*r + 5*a + s = 0, -4*r + a = -2*a - 137. What is the units digit of r?
8
Suppose 22 = 3*t - 2*x, -2*t - 6*x - 7 = -3*x. Suppose -t*f = 23 + 13. What is the units digit of 4*4/((-8)/f)?
8
Let b(y) = 4*y**2 + 22*y + 188. What is the tens digit of b(17)?
1
Let n = -48 + 34. Let m = n - -51. What is the tens digit of m?
3
Let l(o) = o**2 + 9*o - 14. Let t be l(-11). Suppose 16*z = t*z + 1800. What is the units digit of z?
5
Let o = 22 + -16. Suppose o*w = 4*w + 6. Suppose w*n - 5*n = -12. What is the units digit of n?
6
Suppose -2*k + 3*x = -640, -266 = 2*k - 3*k - 12*x. What is the tens digit of k?
1
Let o(y) = -y**3 - 4*y**2 + 4*y - 3. Let a be o(-5). Let h be ((-8)/3)/(a/(-3)). What is the units digit of h/18 - 345/(-27)?
3
Let d(k) = -k + 4. Let l be d(0). Suppose -l*v + 4*z = -70 - 454, 605 = 5*v + 5*z. What is the units digit of v?
6
What is the hundreds digit of -4 - (2388/(-5) + (-21)/(-35))?
4
Let u(b) = -b**2 + 26*b - 30. Suppose 109 = 9*d + 1. What is the units digit of u(d)?
8
Let i be 6/4*(-4)/(-3). Let z be ((-10)/(-15))/(i/(-39)). Let y = z + 34. What is the tens digit of y?
2
Suppose -23*c + 18915 = -7075. What is the tens digit of c?
3
Let z = 14 - 10. Suppose z*k - x = -0*k + 52, k = x + 16. What is the tens digit of k?
1
Suppose 4*j - 4*o = 3332, 591 = j - 4*o - 257. Suppose 2*a - 4*l = -3*a + j, -822 = -5*a + l. What is the hundreds digit of a?
1
Let n = -542 - -1096. What is the units digit of n?
4
Let q(u) = 2*u**2 - 13*u - 22. What is the tens digit of q(11)?
7
Let a = -41 - -48. What is the tens digit of (9/12)/(a/784)?
8
Let m = -993 + 1767. What is the hundreds digit of m?
7
Suppose 30 = 5*p + b - 5*b, b = -p - 3. Suppose -2*x + 12 = p*s, 0 = 2*x - 8. Let v(i) = 5*i**3 + i**2 + i + 3. What is the units digit of v(s)?
9
Suppose -12*g - 1021 = -7333. What is the hundreds digit of g?
5
Suppose -3*y + 24*x = 19*x - 8284, -4*y + 11047 = -5*x. What is the thousands digit of y?
2
Let h(i) be the second derivative of -4*i**5/5 - i**4/6 - i**3/6 + i**2 + 14*i. What is the hundreds digit of h(-2)?
1
Let l(g) = 51*g + 30. What is the hundreds digit of l(8)?
4
Suppose -346 = -6*j + 2966. What is the tens digit of j?
5
Let l = -33 - -44. What is the units digit of -3 + l/((-22)/(-160))?
7
Let h be 4 - 2 - (0 - 0). Suppose -i = -h*i + 5. Suppose i*w = 0, -2*p + 48 = -3*w + 16. What is the tens digit of p?
1
Suppose -21*s + 54008 = 22*s. What is the hundreds digit of s?
2
Suppose -17 + 11 = -3*h. Suppose 0 = h*a + m - 210, 2*a - a - 2*m = 95. What is the hundreds digit of a?
1
Suppose n + 2658 = 5*r, 4*r - 21*n - 2109 = -26*n. What is the hundreds digit of r?
5
Let d(b) = b**3 - 6*b**2 + 4*b - 4. Let u be d(6). Let z(f) = -3 - 1 - u*f - 5 + 0 - f**2. What is the units digit of z(-17)?
2
Let z = -1836 + 4211. What is the tens digit of z?
7
Let h(p) = 9*p - 18. What is the tens digit of h(36)?
0
Let o be 8/6*36/(-24). Let p be (-44)/o - 4 - 1. Suppose -5*q + p + 58 = 0. What is the units digit of q?
5
What is the units digit of (-6500)/(-12) + 20/(-30)?
1
Let h = 11 + -8. Suppose h*w - 5*w - 288 = 0. What is the units digit of w/(-20) - 1/5?
7
Let j be (20/(-4))/(-1) - -1. Suppose 0 = 5*m - 5*l - 40, 40 - j = 5*m - 2*l. What is the units digit of -4 + m + 4 + -4?
2
Let f = -30 - -34. Suppose f*w + 26 = 210. What is the tens digit of w?
4
Suppose -5*w = -2*w - 9. Suppose -w*g + 96 = -3*z, -4*z = 4*g - 0*z - 104. What is the units digit of g?
9
Suppose -3*h + 1 = -4*d, 5*h - d + 3*d + 33 = 0. Let j(b) = 36*b + 40. Let f(o) = -7*o - 8. Let k(z) = 11*f(z) + 2*j(z). What is the units digit of k(h)?
7
Suppose 32 = y - 5*f, 0 = -4*y - 5*f - 0*f + 28. Suppose k = -y + 13. What is the tens digit of (-3 - (-29 + k)) + 1?
2
Let i(t) = 1 + 4*t + 3*t**2 + 2*t**3 - t - t**3. Let k be i(-2). What is the units digit of k/(-4) - 189/(-12)?
6
Let n be (678/24)/(2/(-4))*-2. What is the tens digit of n + 2 - 4*2/(-4)?
1
Suppose 4*k - 3*z + 8 = -2, k + 2 = z. Suppose -2*n - 96 = -3*p - 0*n, n = -2*p + 71. What is the units digit of 2/k + 255/p?
7
Suppose 4*l - 44 = -4*i, -i = -5*l + 14 + 11. Suppose 6 = 2*s - l. Suppose 4*